483 is divided by 736.
299
Calculate the remainder when 2822869 is divided by 642.
637
What is the remainder when 455604 is divided by 196?
100
Calculate the remainder when 288924 is divided by 95890.
1254
What is the remainder when 404482 is divided by 80848?
242
Calculate the remainder when 144900 is divided by 11922.
1836
What is the remainder when 108184 is divided by 108068?
116
Calculate the remainder when 13738635 is divided by 92.
91
Calculate the remainder when 3427369 is divided by 228490.
19
Calculate the remainder when 2418627 is divided by 43975.
2
What is the remainder when 421515 is divided by 867?
153
What is the remainder when 717141 is divided by 53?
51
What is the remainder when 36001298 is divided by 13319?
41
Calculate the remainder when 2766575 is divided by 4588.
11
Calculate the remainder when 105499 is divided by 20987.
564
Calculate the remainder when 5811877 is divided by 55.
27
What is the remainder when 12090 is divided by 10273?
1817
What is the remainder when 620550 is divided by 205730?
3360
What is the remainder when 252047 is divided by 1320?
1247
Calculate the remainder when 3929087 is divided by 110.
107
What is the remainder when 394153 is divided by 9166?
15
What is the remainder when 456046480 is divided by 4550?
4530
What is the remainder when 79495 is divided by 3411?
1042
Calculate the remainder when 43678305 is divided by 14559423.
36
What is the remainder when 149700 is divided by 730?
50
Calculate the remainder when 2344457 is divided by 468883.
42
Calculate the remainder when 53738 is divided by 10747.
3
What is the remainder when 222728 is divided by 55650?
128
What is the remainder when 3350828 is divided by 865?
683
What is the remainder when 2183882 is divided by 155970?
302
What is the remainder when 135865156 is divided by 115?
16
Calculate the remainder when 244425914 is divided by 686.
684
Calculate the remainder when 184357 is divided by 53.
23
Calculate the remainder when 92869 is divided by 263.
30
Calculate the remainder when 254515 is divided by 84777.
184
What is the remainder when 42269887 is divided by 5773?
5754
Calculate the remainder when 601073 is divided by 4847.
45
What is the remainder when 598941 is divided by 2405?
96
Calculate the remainder when 208031 is divided by 1688.
407
Calculate the remainder when 25728343 is divided by 2858703.
16
Calculate the remainder when 1211098 is divided by 4372.
54
Calculate the remainder when 80340 is divided by 19999.
344
What is the remainder when 304019218 is divided by 30?
28
What is the remainder when 935800 is divided by 85070?
30
Calculate the remainder when 55560611 is divided by 443.
437
Calculate the remainder when 472518308 is divided by 56.
52
Calculate the remainder when 6818516 is divided by 339.
209
Calculate the remainder when 90494 is divided by 254.
70
Calculate the remainder when 8308559 is divided by 230793.
11
What is the remainder when 34401240 is divided by 1109717?
13
What is the remainder when 60908803 is divided by 83?
0
What is the remainder when 2468788 is divided by 52527?
19
What is the remainder when 607620 is divided by 2949?
126
Calculate the remainder when 4911 is divided by 698.
25
What is the remainder when 39658 is divided by 6569?
244
What is the remainder when 1116142 is divided by 1941?
67
What is the remainder when 60329583 is divided by 544?
527
What is the remainder when 594375 is divided by 228?
207
Calculate the remainder when 3235185 is divided by 113.
108
What is the remainder when 6053618 is divided by 7?
4
Calculate the remainder when 182770 is divided by 2406.
2320
What is the remainder when 89320 is divided by 1524?
928
What is the remainder when 6036853 is divided by 28?
25
What is the remainder when 780323 is divided by 778?
767
What is the remainder when 12177556 is divided by 312?
196
Calculate the remainder when 192814 is divided by 3278.
2690
What is the remainder when 6675693 is divided by 68?
65
Calculate the remainder when 157283720 is divided by 16.
8
What is the remainder when 41579112 is divided by 28132?
16
Calculate the remainder when 162568820 is divided by 4342.
4340
Calculate the remainder when 62739 is divided by 10045.
2469
What is the remainder when 3836737 is divided by 78?
73
Calculate the remainder when 135409 is divided by 760.
129
Calculate the remainder when 3331498 is divided by 971.
968
Calculate the remainder when 426683 is divided by 2222.
59
Calculate the remainder when 4868688 is divided by 1622877.
57
Calculate the remainder when 13525247 is divided by 34.
13
Calculate the remainder when 2400680 is divided by 5034.
4496
What is the remainder when 1559229 is divided by 3544?
3413
Calculate the remainder when 18758078 is divided by 721464.
14
What is the remainder when 525504 is divided by 131375?
4
What is the remainder when 2094276 is divided by 2223?
210
What is the remainder when 912106073 is divided by 766?
765
What is the remainder when 31891 is divided by 2139?
1945
Calculate the remainder when 107630230 is divided by 948.
946
Calculate the remainder when 80000 is divided by 37608.
4784
Calculate the remainder when 235565 is divided by 1065.
200
What is the remainder when 1996712 is divided by 665543?
83
Calculate the remainder when 18544266 is divided by 39540.
6
Calculate the remainder when 154519 is divided by 311.
263
Calculate the remainder when 1361498 is divided by 5404.
5094
What is the remainder when 1952274 is divided by 545?
84
What is the remainder when 221961861 is divided by 1146?
1143
Calculate the remainder when 47330 is divided by 2988.
2510
What is the remainder when 877297 is divided by 220?
157
Calculate the remainder when 5405899 is divided by 904.
883
What is the remainder when 1007421 is divided by 4218?
3537
Calculate the remainder when 415412 is divided by 138467.
11
Calculate the remainder when 447246 is divided by 111782.
118
Calculate the remainder when 121643 is divided by 93.
92
What is the remainder when 86795773 is divided by 28931921?
10
Calculate the remainder when 57269 is divided by 250.
19
Calculate the remainder when 58583610 is divided by 41.
22
Calculate the remainder when 1923240 is divided by 495.
165
Calculate the remainder when 237902 is divided by 9515.
27
Calculate the remainder when 69550 is divided by 378.
376
What is the remainder when 31420815 is divided by 7855200?
15
What is the remainder when 18325 is divided by 1568?
1077
What is the remainder when 60260 is divided by 4035?
3770
What is the remainder when 2698209 is divided by 22?
19
What is the remainder when 6301473 is divided by 37?
3
What is the remainder when 11831 is divided by 2467?
1963
Calculate the remainder when 850936 is divided by 38.
2
What is the remainder when 92773 is divided by 11785?
10278
Calculate the remainder when 647949 is divided by 217.
204
Calculate the remainder when 623247 is divided by 155517.
1179
Calculate the remainder when 77042011 is divided by 27.
22
What is the remainder when 30842017 is divided by 1927626?
1
What is the remainder when 94861 is divided by 1917?
928
Calculate the remainder when 157703501 is divided by 66.
65
Calculate the remainder when 172801 is divided by 2249.
1877
What is the remainder when 2974635 is divided by 270420?
15
What is the remainder when 7728491 is divided by 1390?
91
Calculate the remainder when 21962310 is divided by 4368.
6
Calculate the remainder when 498399632 is divided by 1451.
1446
What is the remainder when 9311838 is divided by 29?
25
Calculate the remainder when 333079 is divided by 4804.
1603
Calculate the remainder when 1884877 is divided by 134632.
29
Calculate the remainder when 927125707 is divided by 43.
41
Calculate the remainder when 954237 is divided by 68155.
67
Calculate the remainder when 4775887 is divided by 2382.
2359
Calculate the remainder when 279689 is divided by 1296.
1049
What is the remainder when 16544872 is divided by 4136215?
12
Calculate the remainder when 31023413 is divided by 48173.
1
Calculate the remainder when 3859604 is divided by 257.
235
What is the remainder when 63236518 is divided by 1959?
1957
Calculate the remainder when 571208 is divided by 1646.
46
What is the remainder when 2147329 is divided by 3773?
492
Calculate the rema